-4) + 2/(-4). Let h = 9 + u. Let p(i) = i**3 - 6*i**2 - 8*i + 9. Determine p(h).
2
Let a(u) = -u - 5. Let x be a(10). Let b be (-3 - -1)/2 - x/(-3). Let i(r) = -r + 1. Give i(b).
7
Let s be (-4)/(-12) + 141/9. Suppose 2*r + 2*r = s. Let o(c) = -2*c + 6. Let j(z) = -6*z + 19. Let i(y) = -2*j(y) + 7*o(y). Give i(r).
-4
Let r(v) = -v**2 + 10*v + 91. Let w be r(16). Let s(u) = u**2 + 6*u + 4. Calculate s(w).
-1
Let b(z) be the second derivative of z**5/20 + 5*z**4/6 + 11*z**3/6 - 3*z**2 - 7*z + 10. What is b(-8)?
34
Let f(l) be the second derivative of -l**5/20 - l**3/6 + 9*l**2/2 + 35*l. Let o be (4 - 4)/(4/2). Give f(o).
9
Suppose 60 = 2*m + 3*m. Suppose -13*p = -35*p + 198. Suppose -m*i = -p*i - 21. Let n(f) = 2*f - 8. Determine n(i).
6
Let m(k) be the third derivative of -k**8/6720 - k**7/504 + k**6/90 - k**5/60 + k**4/8 - k**2. Let r(t) be the second derivative of m(t). What is r(-6)?
-14
Suppose 0 = 5*p + 3*k - 8, 6 = 6*p - 2*p + 2*k. Let i(g) = 54*g - 2 - 22*g - 24*g + 1. Determine i(p).
7
Suppose -5*k + 4*k = -2. Let y(f) = 0*f + 7*f**3 + 28 + 2*f**k - 2*f - 27. Suppose -5*s = 4*g + 2 + 4, -g = 4*s + 7. Determine y(g).
8
Let b(i) be the second derivative of -i**4/12 - 7*i**3/6 - 5*i**2 - 77*i. Determine b(-8).
-18
Suppose -7*b = -6*b - 49. Let o(f) = -1 + 48*f + b*f - 99*f. Determine o(2).
-5
Let z(g) = 23*g - 4. Let l(q) = 22*q - 5. Let u(a) = -6*l(a) + 7*z(a). What is u(-1)?
-27
Let t(c) = c - 3. Suppose -4*w + o + 27 + 4 = 0, 0 = 5*w + 4*o - 44. Let m be 28/8*w/(-4). What is t(m)?
-10
Let g(y) be the first derivative of -y**3/3 + 5*y**2/2 - 4*y + 140. Determine g(6).
-10
Let l(u) = 1. Let k(z) = -z + 10. Let v(t) = k(t) - 4*l(t). Suppose 0 = 11*r + 26 + 29. What is v(r)?
11
Let y(w) = -w**2 + 6*w + 2. Suppose 6*b = 4*b - s + 12, 2*s = b - 6. What is y(b)?
2
Suppose -6*d = 19*d. Let p(h) be the second derivative of -4/3*h**3 + 4*h - 1/12*h**4 - 7/2*h**2 + d. Give p(-6).
5
Let c(s) = -5 + 2*s**3 + 4*s**2 - 3*s**3 + 2*s**3 + s. Let i(m) = -7*m - 39. Let w be i(-8). Suppose -w*y - 24 = -11*y. Determine c(y).
-9
Let t(o) = -2 - 5*o + o**2 - 5*o + 3*o. Suppose 2 = 50*j - 48*j. Let l be 8/j + (-8)/4. Determine t(l).
-8
Let n(a) = a + 5. Let r(p) = p + 4. Let s = -8 - -3. Let c(k) = s*n(k) + 6*r(k). Suppose -3*j + 4 = -4*b, 56*b - 24 = 5*j + 57*b. Determine c(j).
-5
Let y(r) = -8*r - 6. Let v(l) = -4*l - 3. Let h(a) = -7*v(a) + 3*y(a). What is h(-2)?
-5
Let m(l) = 13*l. Suppose 3*p - 17 - 1 = 0. Suppose -49 = p*n + 41. Let y = -14 - n. Give m(y).
13
Let y = -4 + 2. Let z(w) be the second derivative of -w**5/60 - w**4/6 - w**3/3 - w**2/2 - 9*w. Let g(o) be the first derivative of z(o). Give g(y).
2
Let r(a) = 2 - 1 - 2*a - 12*a**2 - 2. Let q = -2568 - -2567. Calculate r(q).
-11
Let j(t) = 2*t**2 + 1. Let k be j(-1). Suppose -3*a + 5*a = 8. Let h(m) = -4*m - m + 3*m + 4 + a*m. Determine h(k).
10
Let d(j) = j**3 - 7*j**2 - j + 3. Suppose 16 = -c + 5*c. Let o be -3 - (c - 2 - 12). Calculate d(o).
-4
Let c(d) be the third derivative of -d**6/60 + 7*d**5/60 - 7*d**3/6 + 261*d**2. What is c(3)?
2
Let x(b) = b**2 + b - 3. Let s(v) = 5 + 10*v - 4 - 15*v + 6*v. Let r(k) = 4*s(k) - x(k). Determine r(5).
-3
Let p(l) be the third derivative of 1/6*l**3 + 0*l + 0 - 1/4*l**4 - 2*l**2. Let f = 94 - 95. Determine p(f).
7
Suppose -5 = -3*v + 10. Suppose l + 0*n + 9 = -4*n, -v*n - 9 = -l. Let i(j) = 1 + 717*j + 3*j**2 - 717*j. What is i(l)?
4
Let h = -754 - -758. Let s(o) = o**2 - 6*o - 1. What is s(h)?
-9
Let c(t) be the second derivative of -7*t**4/12 - 2*t**3/3 + 4*t - 52. What is c(-1)?
-3
Let n(x) = 6*x - 13. Let h(c) = c - 1. Let a(l) = -3*h(l) + n(l). Let s(v) = -2*v + 5. Let w(o) = 2*a(o) + 5*s(o). Determine w(6).
-19
Let u(l) = 3*l**2 - 5*l - 1. Let f(x) = 7*x**2 - 11*x - 2. Suppose -3*n - 3 = 12. Let r(y) = n*u(y) + 2*f(y). Let m = 376 - 372. What is r(m)?
-3
Let n = -477 - -466. Let g(b) = b + 5. Give g(n).
-6
Suppose 5*f - 5*d = 10, 0*f = 3*f + d - 22. Let q be 12/f + 12/2. Let u = q + -10. Let v(j) = -3*j - 2. What is v(u)?
4
Suppose 22*p + 168 = 14. Let n(q) = -q**2 - 9*q + 10. Give n(p).
24
Let c(k) = -2*k + 5. Let g = 64 + -60. Give c(g).
-3
Let l = 391 - 385. Let q(m) = m**2 - 8*m + 10. What is q(l)?
-2
Let u be -1 + 1 + 16/2. Suppose -2*t = -4*t + u. Let g(d) = 0*d**3 + 3*d**2 - t*d - 6*d**3 + 0*d**3 + 2 + 4*d**3. Give g(2).
-10
Suppose -227 + 233 = 2*k. Let a(x) = 2*x + 2. Determine a(k).
8
Let f(d) = -8*d**3 + 17*d**3 + 3*d**2 - 4 - 8*d**3 + 0*d - 2*d**3 + 2*d. Calculate f(4).
-12
Suppose -18 - 10 = 4*v. Let x(w) = 21*w - w**2 + w**2 + w**2 - 1 - 13*w. What is x(v)?
-8
Let r be 12 + 21 + 1*-3. Let m = -24 + r. Let t(q) = -q + 5. Determine t(m).
-1
Let b(m) be the first derivative of m**4/4 + 4*m**3/3 + m**2 + 2*m + 52. What is b(-3)?
5
Let r(o) = 0*o - 1 + 0 + o. Suppose -2*w - 4*l = -7*w + 26, -3*l - 21 = -4*w. Give r(w).
5
Suppose -41 = -3*y - 5*j, 2*y - y - 5*j = -13. Let f(w) = 7*w**2 + w - y*w + 0*w + 8 - 8*w**2. What is f(-7)?
1
Suppose -2*b = -2*z - 12, 0*z - 22 = 2*z - 4*b. Let y(x) = -x**3 - 3*x**2 + 1. Determine y(z).
-1
Let w(h) = h**3 + h**2 + 17. Let l = 17 + -15. Let v be l/8*(-48)/(-4). Suppose -r - v*r = 0. Give w(r).
17
Let f(u) = -u**3 - 4*u**2 + 5*u + 2. Let s be (3/4)/(3/8). Let c(x) = 3*x**2 - 4*x + 5. Let v be c(s). Let p = v - 14. What is f(p)?
2
Suppose -7*x + 4*x = -5*x. Let h be (2 - 0 - x)*-5. Let p(y) = -y - 8. Give p(h).
2
Let g(n) be the second derivative of 1/3*n**3 + 0*n**2 - 1/10*n**5 - 8*n + 1/12*n**4 + 0. Suppose -3*v + 7*v - 20 = 3*o, 0 = -4*v - o + 4. Give g(v).
-8
Suppose -16 = 4*l, -5*r - 7*l + 9*l = 67. Let b(s) = -s**2 - 16*s - 21. Let g be b(r). Let v(j) = j**2 + 5*j - 6. Give v(g).
0
Let x(f) be the first derivative of -f**3/3 - 5*f**2/2 + 17*f - 975. Give x(-8).
-7
Let s(a) = a**3 - 7*a**2 + 2*a. Let d(q) = -q**3 + 4*q**2 + 12*q + 7. Let h be d(6). Determine s(h).
14
Let z(t) = 2. Let w(i) = i**3 + 15*i**2 + i + 18. Let p be w(-15). Let v(c) = c. Let j(m) = p*v(m) - z(m). Give j(-5).
-17
Let v(y) be the second derivative of -11*y + 0*y**3 + 0 + 5*y**2 + 1/12*y**4. Give v(0).
10
Let r(v) be the second derivative of v**3/6 + 15*v**2/2 + 4*v + 1. Calculate r(-5).
10
Let q(c) = -4*c**2 + 17*c - 52. Let s(a) = a**2 - 5*a + 13. Let u(n) = -2*q(n) - 9*s(n). Give u(12).
-25
Let t(w) = -2*w**2 + 6*w + 6. Let v(h) = 3*h**2 - 13*h - 13. Suppose 0*b - 4*z = 2*b + 6, 2*b - 3*z = 22. Let n(c) = b*t(c) + 3*v(c). Determine n(-7).
5
Let v be 0 - (-10)/4*2. Suppose 2*r - 87 = -4*w + 5*r, 5*w = -v*r + 135. Suppose i - 6*i = -2*q - w, -5*q = 5*i - 45. Let o(x) = x**2 - 5*x - 4. Calculate o(i).
2
Let x(n) = -n + 7*n**2 + 125*n**3 + n - 13*n**2 + 2*n - 124*n**3 - 8. Let b(q) = q**2 + 6*q + 6. Let p be b(-6). What is x(p)?
4
Let t(r) = r**3 + 4*r**2 + 2*r - 9. Suppose 0 = -123*n + 87*n - 108. Give t(n).
-6
Let q(u) be the second derivative of -u**4/12 + u**3/2 + 2*u**2 - 193*u. What is q(5)?
-6
Let u(c) be the second derivative of -c**2/2 + 4*c. Let o(y) = -5*y**3 + 4. Let t(n) = -o(n) - 5*u(n). Determine t(-1).
-4
Let s(j) = -j**2 + 7*j - 1. Let g be (-2 - -3) + (-56)/(-8). Give s(g).
-9
Let s = 9 + -3. Suppose -3*z + 3 = -s. Let b(u) = 5*u**2 - 5*u - 3. Let l(f) = -f**2 + f + 1. Let k(h) = -b(h) - 4*l(h). Calculate k(z).
-7
Let m(l) = l**3 + 5*l**2 + 4. Let a(v) = 0*v + 3 - 2*v + 0*v + v. Let n = -10 - -18. Let h be a(n). Calculate m(h).
4
Let z(h) be the first derivative of -2*h**3/3 - h**2/2 + 3*h + 64. What is z(-2)?
-3
Let z(y) = -y**3 + 13*y**2 - 9*y + 8. Let n(u) = u**2 + u. Let r(k) = 5*n(k) - z(k). What is r(6)?
4
Let o(x) = 3*x + 15. Let z = 252 - 255. Give o(z).
6
Let t = -4 + 4. Suppose -3*q - q + 4*z = -4, 4*q + z - 9 = 0. Let y(s) = s - 13 + 7 + q + 0*s. Determine y(t).
-4
Let o = 220 + -217. Let w(p) = 1. Let n(a) = a + 1. Let s(y) = 3*n(y) - 7*w(y). Give s(o).
5
Let r(m) = -2*m + 5. Suppose 9*q - 502 = -574. Give r(q).
21
Let j(c) = 4769 + 4772 - 12*c - 9543. Calculate j(2).
-26
Let o(n) = -3*n - 6. Let l(a) = 3*a + 10. Let m(r) = -2*l(r) - 3*o(r). Determine m(2).
4
Let t(z) = -5*z**2 - 2*z - 1. Let v be t(-1). Let d(n) = -n - 3. What is d(v)?
1
Let o(b) = 9*b**3 - 31*b**2 + 4. Let h(i) = -4*i**3 + 14*i**2 + i - 2. Let w(s) = -7*h(s) - 3*o(s). Calculate w(6).
-4
Let k(h) = 24*h - 1. Let u = -513 - -51